tiple of 36?
False
Does 626 divide 20285942?
False
Is 40527337 a multiple of 2030?
False
Is 401940517 a multiple of 241?
False
Is 22 a factor of 136218395?
False
Is 108 a factor of 49777416?
True
Does 118 divide 27943394?
False
Is 19 a factor of 124108209?
True
Is 1260 a factor of 139669740?
True
Does 195 divide 1403072775?
True
Is 432 a factor of 592668709?
False
Is 595711899 a multiple of 716?
False
Is 5316828 a multiple of 141?
True
Is 2226885120 a multiple of 456?
True
Is 4 a factor of 3705963?
False
Does 31 divide 2231442?
True
Is 352100339 a multiple of 354?
False
Is 2 a factor of 19784509?
False
Does 9002 divide 257368301?
False
Does 6665 divide 460033926?
False
Is 131486626 a multiple of 2?
True
Is 40 a factor of 21876124?
False
Is 15 a factor of 38153760?
True
Does 926 divide 959702696?
True
Does 728 divide 29980496?
True
Is 3917781740 a multiple of 20?
True
Does 2 divide 94024?
True
Is 22 a factor of 3645180?
True
Is 1725366349 a multiple of 11?
False
Is 39 a factor of 127879401?
True
Does 259 divide 30792251?
True
Does 58 divide 71318319?
False
Is 8361370 even?
True
Is 4792658 a multiple of 25?
False
Does 79 divide 17760701?
True
Is 85 a factor of 3850041099?
False
Is 259072088 a multiple of 19?
False
Is 10462857 a multiple of 19?
False
Does 157 divide 199252016?
False
Does 42 divide 211563197?
False
Is 5 a factor of 483417745?
True
Is 121 a factor of 22370480?
True
Is 550 a factor of 1550016895?
False
Is 5 a factor of 5078439?
False
Is 440185097 a multiple of 11?
True
Does 33 divide 1731410175?
True
Is 3074 a factor of 49024152?
True
Does 89 divide 156533022?
True
Is 254957880 a multiple of 74?
False
Does 630 divide 18442873?
False
Does 9 divide 35948908?
False
Does 329 divide 3227341?
False
Does 287 divide 4913727?
True
Does 184 divide 20369168?
True
Is 1372 a factor of 4147680852?
True
Is 35960659 a multiple of 427?
True
Does 72 divide 703052136?
True
Does 274 divide 1556874265?
False
Is 13014538 a multiple of 20?
False
Is 25294781 a multiple of 2522?
False
Is 922117272 a multiple of 361?
False
Does 566 divide 1266477072?
True
Is 7 a factor of 943393682?
True
Does 158 divide 19644772?
True
Is 6295452 a multiple of 151?
False
Does 297 divide 468751536?
True
Does 81 divide 27895054?
False
Is 982 a factor of 909116558?
False
Is 65856784 a multiple of 69?
False
Is 45 a factor of 234556650?
True
Is 8 a factor of 1612477935?
False
Is 48 a factor of 119127622?
False
Does 857 divide 53679909?
True
Does 112 divide 1395968?
True
Is 22113479 a multiple of 17?
False
Is 7764597 a multiple of 19?
True
Is 92 a factor of 23180004?
False
Is 10127 a factor of 602961580?
True
Does 55 divide 82797470?
False
Is 6353745 a multiple of 3?
True
Is 25668346 a multiple of 11?
True
Is 3882078810 a multiple of 90?
True
Is 600 a factor of 3173390834?
False
Does 354 divide 90428946?
True
Is 7 a factor of 104286560?
True
Is 33358973 a multiple of 231?
False
Is 693 a factor of 81277614?
False
Does 494 divide 440127818?
True
Is 1032047611 a multiple of 1916?
False
Is 908485270 a multiple of 4998?
False
Is 399 a factor of 598898501?
False
Does 330 divide 277888253?
False
Is 67371024 a multiple of 129?
True
Does 90 divide 13680472?
False
Does 53 divide 447160727?
False
Does 170 divide 23920577?
False
Is 7 a factor of 1716533?
True
Does 148 divide 133118008?
True
Does 219 divide 9878433?
True
Is 66 a factor of 57806412?
False
Does 371 divide 5894119?
False
Is 20258082 even?
True
Is 43 a factor of 40850645?
True
Is 166 a factor of 1870595402?
True
Does 874 divide 21045120?
False
Does 3 divide 58546173?
True
Is 76 a factor of 1111247250?
False
Is 1719380897 a multiple of 5?
False
Does 6 divide 334146684?
True
Is 20822849 a multiple of 3?
False
Does 97 divide 168133883?
True
Is 40 a factor of 137971640?
True
Is 47 a factor of 229705732?
True
Is 51 a factor of 238124350?
False
Is 23 a factor of 18451475?
False
Is 72564006 a multiple of 11?
False
Does 371 divide 115584328?
False
Is 19 a factor of 534747486?
False
Does 1061 divide 1455455397?
True
Is 1973 a factor of 3200040268?
True
Does 867 divide 1708302987?
True
Is 1207828514 a multiple of 416?
False
Is 53173122 a multiple of 2251?
True
Does 141 divide 1307913744?
True
Is 258299280 a multiple of 1720?
True
Is 64 a factor of 126873031?
False
Is 842 a factor of 378660872?
True
Is 3 a factor of 161270259?
True
Is 20 a factor of 1359440?
True
Is 1326596835 a multiple of 7?
False
Is 217854675 a multiple of 321?
True
Is 337 a factor of 1688301926?
True
Is 13 a factor of 2841995624?
True
Does 90 divide 27474750?
True
Does 2 divide 56488006?
True
Is 7 a factor of 323868999?
False
Is 1804918360 a multiple of 9380?
True
Is 34667512 a multiple of 20?
False
Does 1440 divide 376529760?
True
Does 71 divide 246701499?
True
Does 17 divide 24320331?
False
Is 19 a factor of 665031901?
True
Is 3521 a factor of 870789073?
True
Does 436 divide 9447251?
False
Is 2 a factor of 4466542?
True
Is 1457 a factor of 525280808?
False
Is 1041 a factor of 2127596275?
False
Does 2235 divide 201998711?
False
Is 166 a factor of 15955920?
True
Does 1507 divide 86189851?
True
Is 43 a factor of 127589007?
False
Is 571025052 a multiple of 52?
True
Is 1848 a factor of 226282472?
False
Is 30034004 a multiple of 1154?
True
Does 2343 divide 1399345035?
True
Is 14 a factor of 149750930?
True
Is 37368555 a multiple of 105?
True
Is 2275 a factor of 16686356?
False
Does 725 divide 286871625?
True
Is 39396613 a multiple of 363?
False
Is 560 a factor of 255744720?
True
Is 24 a factor of 2953728?
True
Does 8760 divide 118655222?
False
Is 113 a factor of 25212750?
False
Is 611885904 a multiple of 911?
True
Is 79 a factor of 21763100?
False
Is 29132865 a multiple of 24?
False
Does 2182 divide 42782474?
True
Is 23632406 a multiple of 51?
False
Is 766 a factor of 306426810?
True
Is 2037 a factor of 33794064?
False
Does 10 divide 1628979756?
False
Does 124 divide 296193220?
True
Does 505 divide 2219944145?
True
Does 362 divide 16170540?
True
Is 2866704768 a multiple of 36?
True
Is 524416544 a multiple of 17?
True
Is 119001250 a multiple of 925?
True
Is 319416240 a multiple of 624?
True
Is 171 a factor of 4752664?
False
Is 27 a factor of 5928012?
True
Does 28 divide 139368857?
False
Does 221 divide 3215992?
True
Is 1329508289 a multiple of 19?
False
Is 25 a factor of 10786128?
False
Is 1081596210 a multiple of 3?
True
Does 16 divide 4015300?
False
Is 6694636 a multiple of 403?
True
Is 146782560 a multiple of 32?
True
Is 5 a factor of 12943635?
True
Does 38 divide 183487598?
True
Does 61 divide 471833963?
True
Is 177633300 a multiple of 1443?
True
Is 78 a factor of 43569764?
False
Is 4207 a factor of 328015583?
True
Is 178658304 a multiple of 1122?
True
Is 203510400 a multiple of 2720?
True
Is 415 a factor of 12525530?
True
Does 955 divide 724079675?
False
Is 44193380 a multiple of 3?
False
Is 744 a factor of 5779550?
False
Does 1468 divide 348885014?
False
Is 1388 a factor of 1782022664?
True
Does 4069 divide 2614057336?
False
Is 113060347 a multiple of 9?
False
Is 18471416 a multiple of 178?
True
Is 230 a factor of 664698033?
False
Is 136 a factor of 1020395624?
True
Is 36 a factor of 3732504?
False
Is 330 a factor of 1240466967?
False
Is 26 a factor of 802465986?
False
Is 92 a factor of 221118044?
True
Is 28605410 a multiple of 233?
True
Does 6 divide 198886361?
False
Is 2728017446 a multiple of 1022?
True
Is 4 a factor of 30826784?
True
Does 1714 divide 8579483?
False
Does 19 divide 1626220355?
True
Does 133 divide 264118848?
True
Is 1479 a factor of 27400361?
False
Is 3172136987 a multiple of 7653?
False
Is 48591315 a multiple of 3?
True
Is 51587256 a multiple of 42?
True
Does 10 divide 1827069090?
True
Is 11 a factor of 317792233?
True
Does 26 divide 14072708?
True
Is 246 a factor of 8782938?
True
Is 8 a factor of 5318736?
True
Is 669777421 a multiple of 786?
False
Is 341905000 a multiple of 35?
False
Is 773510370 a multiple of 51?
True
Is 817 a factor of 3918860807?
False
Is 46051097 a multiple of 71?
True
Does 3974 divide 425000981?
False
Does 4049 divide 137524285?
True
Is 7817012336 a multiple of 1263?
False
Is 339 a factor of 51808014?
True
Is 76 a factor of 311765300?
True
Does 49 divide 32856264?
True
Does 6 divide 6752568?
True
Does 465 divide 209665710?
